n 4134 is divided by 88.
86
Calculate the remainder when 845 is divided by 146.
115
Calculate the remainder when 12406 is divided by 88.
86
Calculate the remainder when 14901 is divided by 18.
15
Calculate the remainder when 175 is divided by 45.
40
Calculate the remainder when 261 is divided by 19.
14
What is the remainder when 5486 is divided by 98?
96
What is the remainder when 866 is divided by 14?
12
Calculate the remainder when 324 is divided by 213.
111
Calculate the remainder when 90 is divided by 25.
15
Calculate the remainder when 670 is divided by 120.
70
What is the remainder when 2951 is divided by 1470?
11
Calculate the remainder when 243 is divided by 10.
3
Calculate the remainder when 46 is divided by 13.
7
Calculate the remainder when 105669 is divided by 56.
53
What is the remainder when 2287 is divided by 191?
186
Calculate the remainder when 128 is divided by 57.
14
What is the remainder when 306 is divided by 7?
5
What is the remainder when 1403 is divided by 191?
66
Calculate the remainder when 252 is divided by 87.
78
Calculate the remainder when 1286 is divided by 74.
28
What is the remainder when 113 is divided by 37?
2
Calculate the remainder when 136 is divided by 47.
42
What is the remainder when 1376 is divided by 238?
186
What is the remainder when 121 is divided by 40?
1
What is the remainder when 11941 is divided by 9?
7
What is the remainder when 946 is divided by 244?
214
Calculate the remainder when 189 is divided by 105.
84
Calculate the remainder when 257 is divided by 127.
3
Calculate the remainder when 5521 is divided by 13.
9
Calculate the remainder when 98 is divided by 66.
32
Calculate the remainder when 442 is divided by 115.
97
What is the remainder when 139 is divided by 70?
69
Calculate the remainder when 454 is divided by 168.
118
What is the remainder when 13036 is divided by 80?
76
Calculate the remainder when 126 is divided by 58.
10
What is the remainder when 1731 is divided by 91?
2
What is the remainder when 165 is divided by 47?
24
What is the remainder when 82 is divided by 15?
7
Calculate the remainder when 2854 is divided by 32.
6
What is the remainder when 1199 is divided by 25?
24
Calculate the remainder when 5802 is divided by 363.
357
What is the remainder when 53 is divided by 18?
17
Calculate the remainder when 56 is divided by 2.
0
Calculate the remainder when 448 is divided by 113.
109
What is the remainder when 193 is divided by 34?
23
Calculate the remainder when 53 is divided by 5.
3
What is the remainder when 608 is divided by 208?
192
Calculate the remainder when 88 is divided by 34.
20
Calculate the remainder when 52 is divided by 29.
23
Calculate the remainder when 52 is divided by 21.
10
Calculate the remainder when 74 is divided by 15.
14
Calculate the remainder when 104 is divided by 5.
4
Calculate the remainder when 1413 is divided by 182.
139
Calculate the remainder when 1205 is divided by 27.
17
Calculate the remainder when 321 is divided by 36.
33
What is the remainder when 72 is divided by 60?
12
What is the remainder when 240 is divided by 9?
6
Calculate the remainder when 65 is divided by 42.
23
What is the remainder when 291 is divided by 13?
5
What is the remainder when 365 is divided by 177?
11
What is the remainder when 7316 is divided by 73?
16
What is the remainder when 318 is divided by 164?
154
Calculate the remainder when 262 is divided by 63.
10
Calculate the remainder when 622 is divided by 129.
106
What is the remainder when 191 is divided by 35?
16
What is the remainder when 144399 is divided by 475?
474
What is the remainder when 5394 is divided by 20?
14
Calculate the remainder when 63 is divided by 13.
11
Calculate the remainder when 151 is divided by 61.
29
What is the remainder when 3270 is divided by 654?
0
Calculate the remainder when 1563 is divided by 14.
9
What is the remainder when 37 is divided by 22?
15
Calculate the remainder when 3436 is divided by 856.
12
Calculate the remainder when 12261 is divided by 2.
1
What is the remainder when 151 is divided by 97?
54
Calculate the remainder when 136 is divided by 21.
10
What is the remainder when 123 is divided by 44?
35
Calculate the remainder when 2321 is divided by 233.
224
Calculate the remainder when 1903 is divided by 373.
38
Calculate the remainder when 152 is divided by 17.
16
Calculate the remainder when 552 is divided by 40.
32
What is the remainder when 4425 is divided by 138?
9
What is the remainder when 87 is divided by 74?
13
Calculate the remainder when 1820 is divided by 364.
0
Calculate the remainder when 102 is divided by 57.
45
What is the remainder when 1802 is divided by 82?
80
Calculate the remainder when 1051 is divided by 348.
7
Calculate the remainder when 71 is divided by 24.
23
What is the remainder when 777 is divided by 52?
49
Calculate the remainder when 1799 is divided by 305.
274
Calculate the remainder when 235 is divided by 86.
63
Calculate the remainder when 1581 is divided by 60.
21
What is the remainder when 270 is divided by 7?
4
What is the remainder when 927 is divided by 186?
183
Calculate the remainder when 447 is divided by 171.
105
What is the remainder when 2903 is divided by 26?
17
Calculate the remainder when 78 is divided by 32.
14
Calculate the remainder when 34 is divided by 34.
0
What is the remainder when 1150 is divided by 10?
0
Calculate the remainder when 17 is divided by 6.
5
Calculate the remainder when 143 is divided by 38.
29
What is the remainder when 454 is divided by 21?
13
Calculate the remainder when 852 is divided by 141.
6
What is the remainder when 212 is divided by 37?
27
Calculate the remainder when 470 is divided by 88.
30
What is the remainder when 160 is divided by 119?
41
Calculate the remainder when 682 is divided by 22.
0
What is the remainder when 3128 is divided by 1039?
11
What is the remainder when 964 is divided by 122?
110
Calculate the remainder when 208 is divided by 50.
8
What is the remainder when 236 is divided by 16?
12
Calculate the remainder when 208 is divided by 38.
18
What is the remainder when 1703 is divided by 284?
283
Calculate the remainder when 174 is divided by 90.
84
Calculate the remainder when 10359 is divided by 28.
27
What is the remainder when 37238 is divided by 14?
12
What is the remainder when 209 is divided by 36?
29
What is the remainder when 15 is divided by 8?
7
Calculate the remainder when 7 is divided by 3.
1
What is the remainder when 909 is divided by 48?
45
What is the remainder when 2034 is divided by 1011?
12
What is the remainder when 203 is divided by 45?
23
What is the remainder when 853 is divided by 61?
60
What is the remainder when 1399 is divided by 61?
57
What is the remainder when 379 is divided by 64?
59
What is the remainder when 406 is divided by 51?
49
Calculate the remainder when 58 is divided by 15.
13
What is the remainder when 753 is divided by 28?
25
Calculate the remainder when 751 is divided by 73.
21
Calculate the remainder when 18 is divided by 13.
5
What is the remainder when 2956 is divided by 30?
16
What is the remainder when 334 is divided by 24?
22
Calculate the remainder when 4905 is divided by 35.
5
Calculate the remainder when 507 is divided by 57.
51
What is the remainder when 1025 is divided by 24?
17
What is the remainder when 83 is divided by 33?
17
Calculate the remainder when 71 is divided by 20.
11
What is the remainder when 185 is divided by 47?
44
Calculate the remainder when 812 is divided by 1.
0
What is the remainder when 148 is divided by 59?
30
What is the remainder when 352 is divided by 177?
175
What is the remainder when 48 is divided by 5?
3
What is the remainder when 1094 is divided by 544?
6
Calculate the remainder when 278 is divided by 12.
2
Calculate the remainder when 834 is divided by 817.
17
Calculate the remainder when 164 is divided by 14.
10
What is the remainder when 3562 is divided by 31?
28
Calculate the remainder when 139 is divided by 9.
4
Calculate the remainder when 14223 is divided by 43.
33
What is the remainder when 158 is divided by 7?
4
What is the remainder when 947 is divided by 26?
11
Calculate the remainder when 21 is divided by 1.
0
Calculate the remainder when 189 is divided by 96.
93
Calculate 